2, what is 0 + 10100101001?
10100101001
In base 7, what is -3 + -106?
-112
In base 16, what is -4 + -944?
-948
In base 9, what is -15 - 2?
-17
In base 4, what is 21022 + 0?
21022
In base 10, what is -842 - 3?
-845
In base 6, what is 10 + 310?
320
In base 10, what is 80 + 81?
161
In base 13, what is cc6 + -5?
cc1
In base 3, what is -1 - -21212?
21211
In base 11, what is 2 - 1233?
-1231
In base 13, what is -24 + 3c?
18
In base 5, what is 0 - -1043?
1043
In base 2, what is -10011111010111 + -101?
-10011111011100
In base 10, what is 172 + -45?
127
In base 7, what is -5352 - 4?
-5356
In base 16, what is 9d - 26?
77
In base 8, what is -2 + 54?
52
In base 5, what is -3 - -22100?
22042
In base 6, what is 320 + 13?
333
In base 2, what is 11110 - 0?
11110
In base 9, what is 6 - -217?
224
In base 11, what is -16 + -16?
-31
In base 2, what is -101 + -101110111000?
-101110111101
In base 14, what is 3 - 14?
-11
In base 13, what is 2464 - 3?
2461
In base 12, what is 263 - -5?
268
In base 4, what is -1 + 202123?
202122
In base 3, what is -111 + -2210202?
-2211020
In base 5, what is -1421 - -14?
-1402
In base 5, what is 10 - 1041?
-1031
In base 10, what is -3 + -2325?
-2328
In base 13, what is 2 - 2c?
-2a
In base 7, what is -102 - 2?
-104
In base 2, what is -1110 + -100010000000?
-100010001110
In base 12, what is 0 + 7b?
7b
In base 2, what is 11 - -1001111?
1010010
In base 12, what is -2 + -a6?
-a8
In base 5, what is -4 - 1310?
-1314
In base 11, what is 652 + 18?
66a
In base 5, what is 4 - 211?
-202
In base 11, what is 4 - 129?
-125
In base 12, what is -23 + -3?
-26
In base 14, what is -15 + 5?
-10
In base 9, what is 1308 - 8?
1300
In base 7, what is -23342 + -5?
-23350
In base 12, what is 7 + -66?
-5b
In base 13, what is -59a + -22?
-5bc
In base 5, what is 0 - 11?
-11
In base 13, what is 5 - 22a1?
-2299
In base 8, what is 0 - -662?
662
In base 6, what is 3 + -1002?
-555
In base 16, what is -20d + -4?
-211
In base 9, what is -13 - 76?
-100
In base 14, what is 37 + b?
44
In base 7, what is -6 + 3?
-3
In base 3, what is -100200 + 1?
-100122
In base 14, what is -3 - 4?
-7
In base 14, what is 3 - -101?
104
In base 12, what is 177 - 1?
176
In base 9, what is -6 + -237?
-244
In base 9, what is -2 + -1085?
-1087
In base 3, what is -120112 + -20?
-120202
In base 9, what is 13424 - 0?
13424
In base 11, what is -289 + -3?
-291
In base 15, what is 5 + 710?
715
In base 6, what is 2 + 1020?
1022
In base 5, what is -10 + 4424?
4414
In base 5, what is 42 + 2?
44
In base 9, what is -4 - -45?
41
In base 10, what is 1 + -2420?
-2419
In base 4, what is -23 + 1112?
1023
In base 16, what is 87d - 2?
87b
In base 9, what is -2 + -47?
-50
In base 3, what is 12 + -102121?
-102102
In base 3, what is -1121210 + 22?
-1121111
In base 9, what is -6 - 22?
-28
In base 3, what is -120 + -11?
-201
In base 13, what is -5 + -8b6?
-8bb
In base 16, what is -5 + 53?
4e
In base 15, what is 4 + b3?
b7
In base 9, what is -36 - -46?
10
In base 5, what is 223303 + 1?
223304
In base 10, what is 2243 + 3?
2246
In base 2, what is 110010 - -1?
110011
In base 4, what is -2 + 132233?
132231
In base 13, what is 4 - 94?
-90
In base 12, what is 262 - 7?
257
In base 8, what is -646 - 62?
-730
In base 6, what is 3 - -124?
131
In base 8, what is 46 - 14?
32
In base 9, what is 10 + 12?
22
In base 4, what is 110113 + 1?
110120
In base 6, what is -4413 - 2?
-4415
In base 14, what is 1 + 89?
8a
In base 9, what is 4 - 232?
-227
In base 8, what is -216 - 14?
-232
In base 9, what is 0 - 26?
-26
In base 13, what is -4 - -187?
183
In base 12, what is 11 - 2?
b
In base 2, what is 1101011100001 - 10?
1101011011111
In base 11, what is 2 + -212?
-210
In base 12, what is 3 + 3584?
3587
In base 13, what is 6 - c33?
-c2a
In base 2, what is -101 - 1001101?
-1010010
In base 2, what is 11111111 + 111?
100000110
In base 6, what is -1023 - -10?
-1013
In base 9, what is -38 + -48?
-87
In base 12, what is 74 - 16?
5a
In base 12, what is 0 - -1907?
1907
In base 6, what is -1100 + -1?
-1101
In base 4, what is 1210 + -11?
1133
In base 8, what is -13 + -321?
-334
In base 15, what is 1 - 6e2?
-6e1
In base 12, what is 13 + 13?
26
In base 5, what is 110130 - 10?
110120
In base 4, what is 1 + 13223?
13230
In base 10, what is -177 - -17?
-160
In base 16, what is -5 - 99?
-9e
In base 6, what is 10 + -24404?
-24354
In base 7, what is -5 + 31?
23
In base 5, what is 2141 + 2?
2143
In base 7, what is -633 + -110?
-1043
In base 3, what is -10 + 120122?
120112
In base 7, what is 1 + 311?
312
In base 12, what is -2 - -324?
322
In base 5, what is -2101 - -4?
-2042
In base 8, what is 476 + -5?
471
In base 6, what is 5205 - 0?
5205
In base 2, what is 100010 + -11000100?
-10100010
In base 9, what is 23 + -321?
-287
In base 4, what is 122003 + 3?
122012
In base 10, what is 79 - -4?
83
In base 2, what is 11 + 101001001110?
101001010001
In base 14, what is -60 + -d?
-6d
In base 13, what is -30 + 1?
-2c
In base 12, what is -a87 - -2?
-a85
In base 11, what is 584 - -20?
5a4
In base 15, what is 8a - 3?
87
In base 15, what is -2 + 14?
12
In base 3, what is -1 + -1202022?
-1202100
In base 9, what is -6226 - -5?
-6221
In base 15, what is 7 - 6aa?
-6a3
In base 11, what is 5 + -281?
-277
In base 15, what is 0 - -1ca?
1ca
In base 9, what is 4 + 54?
58
In base 15, what is -ac5 - -6?
-abe
In base 8, what is -1111 - -1?
-1110
In base 14, what is -1 + -a36?
-a37
In base 12, what is 97 + -3?
94
In base 7, what is -1104 - -2?
-1102
In base 11, what is 138 + -20?
118
In base 10, what is 4225 - 0?
4225
In base 15, what is -532 + 5?
-52c
In base 15, what is -29 + -1?
-2a
In base 4, what is 0 + -330230?
-330230
In base 7, what is 4 + 5400?
5404
In base 5, what is 444 + 43?
1042
In base 3, what is 10 - 21?
-11
In base 5, what is 212 - 140?
22
In base 13, what is a + -18?
-b
In base 11, what is -47 - 1?
-48
In base 7, what is 304 + -151?
123
In base 12, what is -182 + 1?
-181
In base 8, what is 15450 - -5?
15455
In base 3, what is -11 + -110102?
-110120
In base 4, what is 1020 + -2?
1012
In base 2, what is 101001 - -100101000?
101010001
In base 8, what is 15022 - -2?
15024
In base 6, what is -15 + -142?
-201
In base 13, what is -58 + -78?
-103
In base 13, what is -61 + 4?
-5a
In base 15, what is -1 - -c4?
c3
In base 7, what is -216 + 32?
-154
In base 14, what is -844 + -a?
-850
In base 3, what is 212120 + 0?
212120
In base 16, what is 8 - -1a?
22
In base 3, what is 120002 + 1?
120010
In base 6, what is -14 - -3?
-11
In base 12, what is 8b42 + 2?
8b44
In base 2, what is 101101010 - 10?
101101000
In base 10, what is -370 + 16?
-354
In base 13, what is 2 + 724?
726
In base 7, what is -4 - -1410?
1403
In base 5, what is -4 - -141?
132
In base 9, what is -1 - -31?
30
In base 4, what is -320330 - 11?
-321001
In base 3, what is 1001110 + -10?
1001100
In base 15, what is 183 + -5?
17d
In base 8, what is -2 - 124?
-126
In base 3, what is 100 + 10011?
10111
In base 15, what is 4 - -5b9?
5bd
In base 5, what is 230 - 2320?
-2040
In base 9, what is -70 + -14?
-84
In base 14, what is -48d - -1?
-48c
In base 3, what is -12110 - 2100?
-21210
In base 16, what is 11 + -3d?
-2c
In base 6, what is -1 - -201?
200
In base 5, what is 4 - 1002?
-443
In base 15, what is 139 + 1?
13a
In base 10, what is -1 - 1524?
-1525
In base 16, what is -7ce + -2?
-7d0
In base 9, what is -1447 - -1?
-1446
In base 2, what is 1010 + -1000?
10
In base 10, what is 4 + -51?
-47
In base 12, what is 3 + a01?
a04
In base 16, what is 5 + -12?
-d
In base 2, what is 1100011001011110 + -11?
1100011001011011
In base 6, what is -4523 + 1?
-4522
In base 4, what is 10233 - -12?
10311
In base 12, what is 328 - 4?
324
In base 13, what is -716 - -2?
-714
In base 10, what is -2046 + -2?
-2048
In base 14, what is -7d - -152?
b3
In base 3, what is 11000 + -1111?
2112
In base 2, what is 100 - -1000?
1100
In base 11, what is 2 - 318?
-316
In base 4, what is 11232 + 2?
11300
In base 3, what is -11101 + 2?
-11022
In base 5, what is -144 + 204?
10
In base 5, what is 10 + -332?
-322
In base 6, what is 1 - 15001?
-15000
In base 9, what is 24 + 3?
27
In base 13, what is -b - 641?
-64c
In base 7, what is -14 + 41?
24
In base 3, what is -2112 + -10?
-2122
In base 15, what is -584 + -3?
-587
In base 13, what is -25 - 14?
-39
In base 12, what is 1 +